{"id":18,"date":"2024-04-01T11:35:28","date_gmt":"2024-04-01T08:35:28","guid":{"rendered":"https:\/\/u77823.www2.webdomain.fi\/?page_id=18"},"modified":"2026-04-06T12:11:04","modified_gmt":"2026-04-06T09:11:04","slug":"yhdistys","status":"publish","type":"page","link":"https:\/\/www.angelman.fi\/index.php\/yhdistys\/","title":{"rendered":"Yhdistys"},"content":{"rendered":"\n<p>Suomen Angelman-yhdistys ry (SAY) on perustettu vuonna 1997, joten vuonna 2027 yhdistys juhlii 30-vuotista taivaltaan. Yhdistyksen tarkoituksena on edist\u00e4\u00e4 Angelmanin oireyhtym\u00e4\u00e4 sairastavan ja h\u00e4nen perheens\u00e4 yhteiskunnallista tasa- arvoa ja el\u00e4m\u00e4nlaatua. SAY tarjoaa vertaistukea ja tietoa Angelman-perheille.<\/p>\n\n\n\n<p>SAY on Kehitysvammaisten tukiliiton valtakunnallinen perusj\u00e4rjest\u00f6. Angelmanin oireyhtym\u00e4n diagnostiikka, hoito ja kuntoutus ovat haastavaa ty\u00f6t\u00e4, joka vaatii paljon eristysosaamista ja voimia. SAY haluaa auttaa t\u00e4ss\u00e4 toimimalla perheiden yhdyssiteen\u00e4. SAY tekee yhteisty\u00f6t\u00e4 terveydenhuoltoalan asiantuntijoiden, julkisen vallan edustajien ja s\u00e4\u00e4ti\u00f6iden kanssa Angelman-perheiden el\u00e4m\u00e4nlaadun kehitt\u00e4miseksi.<\/p>\n\n\n\n<p>Yhdistys j\u00e4rjest\u00e4\u00e4 j\u00e4senkokouksen kev\u00e4isin ja syksyisin ja tiedottaa vuoden varrella ajankohtaisista tapahtumista.<\/p>\n\n\n\n<p>Ota yhteytt\u00e4, jos haluat tiet\u00e4\u00e4 lis\u00e4\u00e4 Angelmanin oireyhtym\u00e4st\u00e4, hoidosta ja kuntoutuksesta tai tarvitset keskustelukumppania Angelman-arkeen.<\/p>\n\n\n\n<p><em>Logomme Angelman-etanaperhonen on sek\u00e4 hidas ett\u00e4 yll\u00e4tt\u00e4v\u00e4n nopea.<\/em><\/p>\n\n\n\n<p><a href=\"http:\/\/www.angelman.fi\/reg\">P\u00e4ivit\u00e4 j\u00e4sentietosi<\/a><\/p>\n\n\n\n<p><a href=\"http:\/\/www.angelman.fi\/reg\/lomake.php\">Liity j\u00e4seneksi<\/a><\/p>\n","protected":false},"excerpt":{"rendered":"<p>Suomen Angelman-yhdistys ry (SAY) on perustettu vuonna 1997, joten vuonna 2027 yhdistys juhlii 30-vuotista taivaltaan. Yhdistyksen tarkoituksena on edist\u00e4\u00e4 Angelmanin oireyhtym\u00e4\u00e4 sairastavan ja h\u00e4nen perheens\u00e4 yhteiskunnallista tasa- arvoa ja el\u00e4m\u00e4nlaatua. SAY tarjoaa vertaistukea ja tietoa Angelman-perheille. SAY on Kehitysvammaisten tukiliiton valtakunnallinen perusj\u00e4rjest\u00f6. Angelmanin oireyhtym\u00e4n diagnostiikka, hoito ja kuntoutus ovat haastavaa ty\u00f6t\u00e4, joka vaatii paljon eristysosaamista [&hellip;]<\/p>\n","protected":false},"author":2,"featured_media":0,"parent":0,"menu_order":0,"comment_status":"closed","ping_status":"closed","template":"","meta":{"footnotes":""},"class_list":["post-18","page","type-page","status-publish","hentry"],"_links":{"self":[{"href":"https:\/\/www.angelman.fi\/index.php\/wp-json\/wp\/v2\/pages\/18","targetHints":{"allow":["GET"]}}],"collection":[{"href":"https:\/\/www.angelman.fi\/index.php\/wp-json\/wp\/v2\/pages"}],"about":[{"href":"https:\/\/www.angelman.fi\/index.php\/wp-json\/wp\/v2\/types\/page"}],"author":[{"embeddable":true,"href":"https:\/\/www.angelman.fi\/index.php\/wp-json\/wp\/v2\/users\/2"}],"replies":[{"embeddable":true,"href":"https:\/\/www.angelman.fi\/index.php\/wp-json\/wp\/v2\/comments?post=18"}],"version-history":[{"count":2,"href":"https:\/\/www.angelman.fi\/index.php\/wp-json\/wp\/v2\/pages\/18\/revisions"}],"predecessor-version":[{"id":163,"href":"https:\/\/www.angelman.fi\/index.php\/wp-json\/wp\/v2\/pages\/18\/revisions\/163"}],"wp:attachment":[{"href":"https:\/\/www.angelman.fi\/index.php\/wp-json\/wp\/v2\/media?parent=18"}],"curies":[{"name":"wp","href":"https:\/\/api.w.org\/{rel}","templated":true}]}}